{"id":553,"date":"2021-09-17T21:54:11","date_gmt":"2021-09-17T19:54:11","guid":{"rendered":"https:\/\/robeznogames.com\/?post_type=product&#038;p=553"},"modified":"2025-08-02T07:53:37","modified_gmt":"2025-08-02T12:53:37","slug":"curso-chat-bot-whatsapp","status":"publish","type":"product","link":"https:\/\/robeznogames.com\/?product=curso-chat-bot-whatsapp","title":{"rendered":"Clases ChatBot Para Vender Por Whatsapp"},"content":{"rendered":"<p><span style=\"color: #000000; font-size: 10pt;\"><strong>\u00a1CHATBOT WHATSAPP!\ud83d\ude80<\/strong><\/span><\/p>\n<p><span style=\"color: #000000; font-size: 10pt;\"><strong>Convierte tu WhatsApp en tu mejor vendedor.<\/strong><\/span><\/p>\n<p><span style=\"color: #000000; font-size: 10pt;\"><strong>Descubre c\u00f3mo un chatbot estrat\u00e9gicamente dise\u00f1ado puede atender a tus clientes al instante, responder sus dudas, mostrar tu cat\u00e1logo de productos y guiarlos hacia la compra, \u00a1sin que muevas un dedo! Este curso te dar\u00e1 las herramientas para implementar un chatbot en WhatsApp que no solo mejora la experiencia de tu cliente, sino que tambi\u00e9n dispara tus conversiones. Vende m\u00e1s, con menos esfuerzo.<\/strong><\/span><\/p>\n<p><span style=\"color: #000000; font-size: 10pt;\"><strong>TEMAS DEL CURSO<\/strong><\/span><\/p>\n<p><span style=\"color: #000000; font-size: 10pt;\"><strong>\ud83d\udd39Funcionamiento del ChatBot<\/strong><\/span><br \/>\n<span style=\"color: #000000; font-size: 10pt;\"><strong>\ud83d\udd39App Correcta Para el ChatBot<\/strong><\/span><br \/>\n<span style=\"color: #000000; font-size: 10pt;\"><strong>\ud83d\udd39Versi\u00f3n Pro de la App ChatBot<\/strong><\/span><br \/>\n<span style=\"color: #000000; font-size: 10pt;\"><strong>\ud83d\udd39Crear palabras claves <\/strong><\/span><br \/>\n<span style=\"color: #000000; font-size: 10pt;\"><strong>\ud83d\udd39Armar estructura de respuestas<\/strong><\/span><br \/>\n<span style=\"color: #000000; font-size: 10pt;\"><strong>\ud83d\udd39Herramientas de WhatsApp business<\/strong><\/span><br \/>\n<span style=\"color: #000000; font-size: 10pt;\"><strong>\ud83d\udd39Sacar Copias de Seguridad<\/strong><\/span><br \/>\n<span style=\"color: #000000; font-size: 10pt;\"><strong>\ud83d\udd39Atraer tr\u00e1fico de redes sociales<\/strong><\/span><br \/>\n<span style=\"color: #000000; font-size: 10pt;\"><strong>\ud83d\udd39Tiktok ads Facebook Ads<\/strong><\/span><br \/>\n<span style=\"color: #000000; font-size: 10pt;\"><strong>\ud83d\udd39Anuncios Listos Para publicar<\/strong><\/span><br \/>\n<span style=\"color: #000000; font-size: 10pt;\"><strong>\ud83d\udd39Como Cerrar Ventas<\/strong><\/span><br \/>\n<span style=\"color: #000000; font-size: 10pt;\"><strong>\ud83d\udd39Grupo de Apoyo<\/strong><\/span><br \/>\n<span style=\"color: #000000; font-size: 10pt;\"><strong>\ud83d\udd39Marketing de Estados<\/strong><\/span><br \/>\n<span style=\"color: #000000; font-size: 10pt;\"><strong>\ud83d\udd39Apps y herramientas<br \/>\n\ud83d\udd39Productos Digitales<br \/>\n\ud83d\udd39Proveedores de Confianza<\/strong><\/span><\/p>\n<p><span style=\"color: #000000; font-size: 10pt;\"><strong>\ud83c\udf81 Por la compra de curso se otorga la aplicaci\u00f3n pro del chatbot<\/strong><\/span><\/p>\n<p><span style=\"color: #000000; font-size: 10pt;\"><strong>\ud83d\udcc8REQUISITOS:<\/strong><\/span><br \/>\n<span style=\"color: #000000; font-size: 10pt;\"><strong>\ud83d\udd39Contar solo con Celular<\/strong><\/span><\/p>\n<p><strong><span style=\"color: #000000; font-size: 10pt;\">\u25b6\ufe0f\u00a0CALIDAD DEL VIDEO: 1080p FullHD<\/span><\/strong><\/p>\n<p><strong><span style=\"color: #000000; font-size: 10pt;\">\u267b\ufe0fACTUALIZACION DEL CURSO: GRATIS<\/span><\/strong><\/p>\n<p><strong><span style=\"color: #000000; font-size: 10pt;\">\ud83c\udf81 \u00daNICO PAGO DE POR VIDA<\/span><\/strong><\/p>\n<p><strong><span style=\"color: #000000; font-size: 10pt;\">\ud83c\udff7\ufe0fGANA EL 50% POR AFILIACIONES<\/span><\/strong><\/p>\n<p><strong><span style=\"color: #000000; font-size: 10pt;\">\ud83d\udcb5PRECIO DEL CURSO: S\/.200 SOLES<\/span><\/strong><\/p>\n<p><span style=\"color: #000000; font-size: 10pt;\"><strong>Aceptamos pagos por: YAPE &#8211; PLIN<\/strong><\/span><\/p>\n<p><span style=\"color: #000000; font-size: 10pt;\">\uff61\ud83d\udcf2 \ud835\udde3\ud835\uddee\ud835\uddff\ud835\uddee \ud835\uddfa\u00e1\ud835\ude00 \ud835\uddf6\ud835\uddfb\ud835\uddf3\ud835\uddfc\ud835\uddff\ud835\uddfa\ud835\uddee\ud835\uddf0\ud835\uddf6\u00f3\ud835\uddfb:\ud83d\udc47<\/span><\/p>\n<p><a href=\"https:\/\/api.whatsapp.com\/send?phone=51984847281&amp;text=Deseo%20ingresar%20a%20las%20clases%20de%20ChatBot%20Whatsapp!!\" target=\"_blank\" rel=\"noopener noreferrer\"><img loading=\"lazy\" decoding=\"async\" class=\"alignnone wp-image-2008 size-full\" src=\"https:\/\/robeznogames.com\/wp-content\/uploads\/2023\/04\/Captura.png\" alt=\"\" width=\"354\" height=\"114\" srcset=\"https:\/\/robeznogames.com\/wp-content\/uploads\/2023\/04\/Captura.png 354w, https:\/\/robeznogames.com\/wp-content\/uploads\/2023\/04\/Captura-300x97.png 300w\" sizes=\"(max-width: 354px) 100vw, 354px\" \/><\/a><\/p>\n","protected":false},"excerpt":{"rendered":"<p>\u00a1CHATBOT WHATSAPP!\ud83d\ude80 Convierte tu WhatsApp en tu mejor vendedor. Descubre c\u00f3mo un chatbot estrat\u00e9gicamente dise\u00f1ado puede atender a tus clientes al instante, responder sus dudas, mostrar tu cat\u00e1logo de productos y guiarlos hacia la compra, \u00a1sin que muevas un dedo! Este curso te dar\u00e1 las herramientas para implementar un chatbot en WhatsApp que no solo [&hellip;]<\/p>\n","protected":false},"featured_media":4673,"comment_status":"open","ping_status":"closed","template":"","meta":{"_et_pb_use_builder":"off","_et_pb_old_content":""},"product_cat":[59,38],"product_tag":[],"yoast_head":"<!-- This site is optimized with the Yoast SEO plugin v22.3 - https:\/\/yoast.com\/wordpress\/plugins\/seo\/ -->\n<title>Clases ChatBot Para Vender Por Whatsapp - RobeznoGames<\/title>\n<meta name=\"robots\" content=\"index, follow, max-snippet:-1, max-image-preview:large, max-video-preview:-1\" \/>\n<link rel=\"canonical\" href=\"https:\/\/robeznogames.com\/?product=curso-chat-bot-whatsapp\" \/>\n<meta property=\"og:locale\" content=\"es_ES\" \/>\n<meta property=\"og:type\" content=\"article\" \/>\n<meta property=\"og:title\" content=\"Clases ChatBot Para Vender Por Whatsapp - RobeznoGames\" \/>\n<meta property=\"og:description\" content=\"\u00a1CHATBOT WHATSAPP!\ud83d\ude80 Convierte tu WhatsApp en tu mejor vendedor. Descubre c\u00f3mo un chatbot estrat\u00e9gicamente dise\u00f1ado puede atender a tus clientes al instante, responder sus dudas, mostrar tu cat\u00e1logo de productos y guiarlos hacia la compra, \u00a1sin que muevas un dedo! Este curso te dar\u00e1 las herramientas para implementar un chatbot en WhatsApp que no solo [&hellip;]\" \/>\n<meta property=\"og:url\" content=\"https:\/\/robeznogames.com\/?product=curso-chat-bot-whatsapp\" \/>\n<meta property=\"og:site_name\" content=\"RobeznoGames\" \/>\n<meta property=\"article:modified_time\" content=\"2025-08-02T12:53:37+00:00\" \/>\n<meta property=\"og:image\" content=\"https:\/\/robeznogames.com\/wp-content\/uploads\/2021\/09\/chat-bot.jpg\" \/>\n\t<meta property=\"og:image:width\" content=\"1080\" \/>\n\t<meta property=\"og:image:height\" content=\"1080\" \/>\n\t<meta property=\"og:image:type\" content=\"image\/jpeg\" \/>\n<meta name=\"twitter:card\" content=\"summary_large_image\" \/>\n<meta name=\"twitter:label1\" content=\"Est. reading time\" \/>\n\t<meta name=\"twitter:data1\" content=\"2 minutos\" \/>\n<script type=\"application\/ld+json\" class=\"yoast-schema-graph\">{\"@context\":\"https:\/\/schema.org\",\"@graph\":[{\"@type\":\"WebPage\",\"@id\":\"https:\/\/robeznogames.com\/?product=curso-chat-bot-whatsapp\",\"url\":\"https:\/\/robeznogames.com\/?product=curso-chat-bot-whatsapp\",\"name\":\"Clases ChatBot Para Vender Por Whatsapp - RobeznoGames\",\"isPartOf\":{\"@id\":\"https:\/\/robeznogames.com\/#website\"},\"primaryImageOfPage\":{\"@id\":\"https:\/\/robeznogames.com\/?product=curso-chat-bot-whatsapp#primaryimage\"},\"image\":{\"@id\":\"https:\/\/robeznogames.com\/?product=curso-chat-bot-whatsapp#primaryimage\"},\"thumbnailUrl\":\"https:\/\/robeznogames.com\/wp-content\/uploads\/2021\/09\/chat-bot.jpg\",\"datePublished\":\"2021-09-17T19:54:11+00:00\",\"dateModified\":\"2025-08-02T12:53:37+00:00\",\"breadcrumb\":{\"@id\":\"https:\/\/robeznogames.com\/?product=curso-chat-bot-whatsapp#breadcrumb\"},\"inLanguage\":\"es\",\"potentialAction\":[{\"@type\":\"ReadAction\",\"target\":[\"https:\/\/robeznogames.com\/?product=curso-chat-bot-whatsapp\"]}]},{\"@type\":\"ImageObject\",\"inLanguage\":\"es\",\"@id\":\"https:\/\/robeznogames.com\/?product=curso-chat-bot-whatsapp#primaryimage\",\"url\":\"https:\/\/robeznogames.com\/wp-content\/uploads\/2021\/09\/chat-bot.jpg\",\"contentUrl\":\"https:\/\/robeznogames.com\/wp-content\/uploads\/2021\/09\/chat-bot.jpg\",\"width\":1080,\"height\":1080},{\"@type\":\"BreadcrumbList\",\"@id\":\"https:\/\/robeznogames.com\/?product=curso-chat-bot-whatsapp#breadcrumb\",\"itemListElement\":[{\"@type\":\"ListItem\",\"position\":1,\"name\":\"Home\",\"item\":\"https:\/\/robeznogames.com\/\"},{\"@type\":\"ListItem\",\"position\":2,\"name\":\"Tienda\",\"item\":\"https:\/\/robeznogames.com\/?page_id=157\"},{\"@type\":\"ListItem\",\"position\":3,\"name\":\"Clases ChatBot Para Vender Por Whatsapp\"}]},{\"@type\":\"WebSite\",\"@id\":\"https:\/\/robeznogames.com\/#website\",\"url\":\"https:\/\/robeznogames.com\/\",\"name\":\"RobeznoGames\",\"description\":\"Venta de productos Digitales y Licencias de Software\",\"publisher\":{\"@id\":\"https:\/\/robeznogames.com\/#\/schema\/person\/174389b5af0598705d09bfe399c5cbe5\"},\"potentialAction\":[{\"@type\":\"SearchAction\",\"target\":{\"@type\":\"EntryPoint\",\"urlTemplate\":\"https:\/\/robeznogames.com\/?s={search_term_string}\"},\"query-input\":\"required name=search_term_string\"}],\"inLanguage\":\"es\"},{\"@type\":[\"Person\",\"Organization\"],\"@id\":\"https:\/\/robeznogames.com\/#\/schema\/person\/174389b5af0598705d09bfe399c5cbe5\",\"name\":\"xselo2\",\"image\":{\"@type\":\"ImageObject\",\"inLanguage\":\"es\",\"@id\":\"https:\/\/robeznogames.com\/#\/schema\/person\/image\/\",\"url\":\"https:\/\/robeznogames.com\/wp-content\/uploads\/2024\/03\/RBZ.png\",\"contentUrl\":\"https:\/\/robeznogames.com\/wp-content\/uploads\/2024\/03\/RBZ.png\",\"width\":421,\"height\":421,\"caption\":\"xselo2\"},\"logo\":{\"@id\":\"https:\/\/robeznogames.com\/#\/schema\/person\/image\/\"}}]}<\/script>\n<!-- \/ Yoast SEO plugin. -->","yoast_head_json":{"title":"Clases ChatBot Para Vender Por Whatsapp - RobeznoGames","robots":{"index":"index","follow":"follow","max-snippet":"max-snippet:-1","max-image-preview":"max-image-preview:large","max-video-preview":"max-video-preview:-1"},"canonical":"https:\/\/robeznogames.com\/?product=curso-chat-bot-whatsapp","og_locale":"es_ES","og_type":"article","og_title":"Clases ChatBot Para Vender Por Whatsapp - RobeznoGames","og_description":"\u00a1CHATBOT WHATSAPP!\ud83d\ude80 Convierte tu WhatsApp en tu mejor vendedor. Descubre c\u00f3mo un chatbot estrat\u00e9gicamente dise\u00f1ado puede atender a tus clientes al instante, responder sus dudas, mostrar tu cat\u00e1logo de productos y guiarlos hacia la compra, \u00a1sin que muevas un dedo! Este curso te dar\u00e1 las herramientas para implementar un chatbot en WhatsApp que no solo [&hellip;]","og_url":"https:\/\/robeznogames.com\/?product=curso-chat-bot-whatsapp","og_site_name":"RobeznoGames","article_modified_time":"2025-08-02T12:53:37+00:00","og_image":[{"width":1080,"height":1080,"url":"https:\/\/robeznogames.com\/wp-content\/uploads\/2021\/09\/chat-bot.jpg","type":"image\/jpeg"}],"twitter_card":"summary_large_image","twitter_misc":{"Est. reading time":"2 minutos"},"schema":{"@context":"https:\/\/schema.org","@graph":[{"@type":"WebPage","@id":"https:\/\/robeznogames.com\/?product=curso-chat-bot-whatsapp","url":"https:\/\/robeznogames.com\/?product=curso-chat-bot-whatsapp","name":"Clases ChatBot Para Vender Por Whatsapp - RobeznoGames","isPartOf":{"@id":"https:\/\/robeznogames.com\/#website"},"primaryImageOfPage":{"@id":"https:\/\/robeznogames.com\/?product=curso-chat-bot-whatsapp#primaryimage"},"image":{"@id":"https:\/\/robeznogames.com\/?product=curso-chat-bot-whatsapp#primaryimage"},"thumbnailUrl":"https:\/\/robeznogames.com\/wp-content\/uploads\/2021\/09\/chat-bot.jpg","datePublished":"2021-09-17T19:54:11+00:00","dateModified":"2025-08-02T12:53:37+00:00","breadcrumb":{"@id":"https:\/\/robeznogames.com\/?product=curso-chat-bot-whatsapp#breadcrumb"},"inLanguage":"es","potentialAction":[{"@type":"ReadAction","target":["https:\/\/robeznogames.com\/?product=curso-chat-bot-whatsapp"]}]},{"@type":"ImageObject","inLanguage":"es","@id":"https:\/\/robeznogames.com\/?product=curso-chat-bot-whatsapp#primaryimage","url":"https:\/\/robeznogames.com\/wp-content\/uploads\/2021\/09\/chat-bot.jpg","contentUrl":"https:\/\/robeznogames.com\/wp-content\/uploads\/2021\/09\/chat-bot.jpg","width":1080,"height":1080},{"@type":"BreadcrumbList","@id":"https:\/\/robeznogames.com\/?product=curso-chat-bot-whatsapp#breadcrumb","itemListElement":[{"@type":"ListItem","position":1,"name":"Home","item":"https:\/\/robeznogames.com\/"},{"@type":"ListItem","position":2,"name":"Tienda","item":"https:\/\/robeznogames.com\/?page_id=157"},{"@type":"ListItem","position":3,"name":"Clases ChatBot Para Vender Por Whatsapp"}]},{"@type":"WebSite","@id":"https:\/\/robeznogames.com\/#website","url":"https:\/\/robeznogames.com\/","name":"RobeznoGames","description":"Venta de productos Digitales y Licencias de Software","publisher":{"@id":"https:\/\/robeznogames.com\/#\/schema\/person\/174389b5af0598705d09bfe399c5cbe5"},"potentialAction":[{"@type":"SearchAction","target":{"@type":"EntryPoint","urlTemplate":"https:\/\/robeznogames.com\/?s={search_term_string}"},"query-input":"required name=search_term_string"}],"inLanguage":"es"},{"@type":["Person","Organization"],"@id":"https:\/\/robeznogames.com\/#\/schema\/person\/174389b5af0598705d09bfe399c5cbe5","name":"xselo2","image":{"@type":"ImageObject","inLanguage":"es","@id":"https:\/\/robeznogames.com\/#\/schema\/person\/image\/","url":"https:\/\/robeznogames.com\/wp-content\/uploads\/2024\/03\/RBZ.png","contentUrl":"https:\/\/robeznogames.com\/wp-content\/uploads\/2024\/03\/RBZ.png","width":421,"height":421,"caption":"xselo2"},"logo":{"@id":"https:\/\/robeznogames.com\/#\/schema\/person\/image\/"}}]}},"jetpack_sharing_enabled":true,"_links":{"self":[{"href":"https:\/\/robeznogames.com\/index.php?rest_route=\/wp\/v2\/product\/553"}],"collection":[{"href":"https:\/\/robeznogames.com\/index.php?rest_route=\/wp\/v2\/product"}],"about":[{"href":"https:\/\/robeznogames.com\/index.php?rest_route=\/wp\/v2\/types\/product"}],"replies":[{"embeddable":true,"href":"https:\/\/robeznogames.com\/index.php?rest_route=%2Fwp%2Fv2%2Fcomments&post=553"}],"wp:featuredmedia":[{"embeddable":true,"href":"https:\/\/robeznogames.com\/index.php?rest_route=\/wp\/v2\/media\/4673"}],"wp:attachment":[{"href":"https:\/\/robeznogames.com\/index.php?rest_route=%2Fwp%2Fv2%2Fmedia&parent=553"}],"wp:term":[{"taxonomy":"product_cat","embeddable":true,"href":"https:\/\/robeznogames.com\/index.php?rest_route=%2Fwp%2Fv2%2Fproduct_cat&post=553"},{"taxonomy":"product_tag","embeddable":true,"href":"https:\/\/robeznogames.com\/index.php?rest_route=%2Fwp%2Fv2%2Fproduct_tag&post=553"}],"curies":[{"name":"wp","href":"https:\/\/api.w.org\/{rel}","templated":true}]}}