{"id":765,"date":"2023-04-13T00:19:05","date_gmt":"2023-04-12T22:19:05","guid":{"rendered":"https:\/\/robeznogames.com\/?post_type=product&#038;p=765"},"modified":"2026-02-24T20:14:11","modified_gmt":"2026-02-25T01:14:11","slug":"microsoft-office-2021-licencia-permanente","status":"publish","type":"product","link":"https:\/\/robeznogames.com\/?product=microsoft-office-2021-licencia-permanente","title":{"rendered":"Microsoft Office 2021"},"content":{"rendered":"<p><span style=\"color: #000000;\"><strong><span style=\"font-size: 10pt;\">\ud83d\udfe0MICROSOFT OFFICE\ud83d\udfe0<\/span><\/strong><\/span><br \/>\n<span style=\"color: #000000;\"><strong><span style=\"font-size: 10pt;\">\u2705Licencia Original<\/span><\/strong><\/span><br \/>\n<span style=\"color: #000000;\"><strong><span style=\"font-size: 10pt;\">\u2705Reusable luego del Formateo<\/span><\/strong><\/span><br \/>\n<span style=\"color: #000000;\"><strong><span style=\"font-size: 10pt;\">\u2705Vinculable a tu Correo<\/span><\/strong><\/span><\/p>\n<p><span style=\"color: #000000;\"><strong><span style=\"font-size: 10pt;\">\ud83d\udccc Microsoft Office 2021(1PC)<\/span><\/strong><\/span><br \/>\n<span style=\"color: #000000;\"><strong><span style=\"font-size: 10pt;\">\ud83d\udd30Licencia Permanente = s\/100 soles<\/span><\/strong><\/span><br \/>\n<span style=\"color: #000000;\"><strong><span style=\"font-size: 10pt;\">\ud83d\udd30Licencia por 1 a\u00f1o = s\/50 soles<\/span><\/strong><\/span><\/p>\n<p><span style=\"color: #000000;\"><strong><span style=\"font-size: 10pt;\">instalaci\u00f3n y activaci\u00f3n remota v\u00eda Team viewer<\/span><\/strong><\/span><\/p>\n<p><span style=\"color: #000000;\"><strong><span style=\"font-size: 10pt;\">Aceptamos pagos por: YAPE &#8211; PLIN<\/span><\/strong><\/span><\/p>\n","protected":false},"excerpt":{"rendered":"<p>\ud83d\udfe0MICROSOFT OFFICE\ud83d\udfe0 \u2705Licencia Original \u2705Reusable luego del Formateo \u2705Vinculable a tu Correo \ud83d\udccc Microsoft Office 2021(1PC) \ud83d\udd30Licencia Permanente = s\/100 soles \ud83d\udd30Licencia por 1 a\u00f1o = s\/50 soles instalaci\u00f3n y activaci\u00f3n remota v\u00eda Team viewer Aceptamos pagos por: YAPE &#8211; PLIN<\/p>\n","protected":false},"featured_media":3427,"comment_status":"open","ping_status":"closed","template":"","meta":{"_et_pb_use_builder":"off","_et_pb_old_content":""},"product_cat":[82,54],"product_tag":[],"yoast_head":"<!-- This site is optimized with the Yoast SEO plugin v22.3 - https:\/\/yoast.com\/wordpress\/plugins\/seo\/ -->\n<title>Microsoft Office 2021 - RobeznoGames<\/title>\n<meta name=\"robots\" content=\"index, follow, max-snippet:-1, max-image-preview:large, max-video-preview:-1\" \/>\n<link rel=\"canonical\" href=\"https:\/\/robeznogames.com\/?product=microsoft-office-2021-licencia-permanente\" \/>\n<meta property=\"og:locale\" content=\"es_ES\" \/>\n<meta property=\"og:type\" content=\"article\" \/>\n<meta property=\"og:title\" content=\"Microsoft Office 2021 - RobeznoGames\" \/>\n<meta property=\"og:description\" content=\"\ud83d\udfe0MICROSOFT OFFICE\ud83d\udfe0 \u2705Licencia Original \u2705Reusable luego del Formateo \u2705Vinculable a tu Correo \ud83d\udccc Microsoft Office 2021(1PC) \ud83d\udd30Licencia Permanente = s\/100 soles \ud83d\udd30Licencia por 1 a\u00f1o = s\/50 soles instalaci\u00f3n y activaci\u00f3n remota v\u00eda Team viewer Aceptamos pagos por: YAPE &#8211; PLIN\" \/>\n<meta property=\"og:url\" content=\"https:\/\/robeznogames.com\/?product=microsoft-office-2021-licencia-permanente\" \/>\n<meta property=\"og:site_name\" content=\"RobeznoGames\" \/>\n<meta property=\"article:modified_time\" content=\"2026-02-25T01:14:11+00:00\" \/>\n<meta property=\"og:image\" content=\"https:\/\/robeznogames.com\/wp-content\/uploads\/2023\/04\/office2021.png\" \/>\n\t<meta property=\"og:image:width\" content=\"2001\" \/>\n\t<meta property=\"og:image:height\" content=\"2001\" \/>\n\t<meta property=\"og:image:type\" content=\"image\/png\" \/>\n<meta name=\"twitter:card\" content=\"summary_large_image\" \/>\n<meta name=\"twitter:label1\" content=\"Est. reading time\" \/>\n\t<meta name=\"twitter:data1\" content=\"1 minuto\" \/>\n<script type=\"application\/ld+json\" class=\"yoast-schema-graph\">{\"@context\":\"https:\/\/schema.org\",\"@graph\":[{\"@type\":\"WebPage\",\"@id\":\"https:\/\/robeznogames.com\/?product=microsoft-office-2021-licencia-permanente\",\"url\":\"https:\/\/robeznogames.com\/?product=microsoft-office-2021-licencia-permanente\",\"name\":\"Microsoft Office 2021 - RobeznoGames\",\"isPartOf\":{\"@id\":\"https:\/\/robeznogames.com\/#website\"},\"primaryImageOfPage\":{\"@id\":\"https:\/\/robeznogames.com\/?product=microsoft-office-2021-licencia-permanente#primaryimage\"},\"image\":{\"@id\":\"https:\/\/robeznogames.com\/?product=microsoft-office-2021-licencia-permanente#primaryimage\"},\"thumbnailUrl\":\"https:\/\/robeznogames.com\/wp-content\/uploads\/2023\/04\/office2021.png\",\"datePublished\":\"2023-04-12T22:19:05+00:00\",\"dateModified\":\"2026-02-25T01:14:11+00:00\",\"breadcrumb\":{\"@id\":\"https:\/\/robeznogames.com\/?product=microsoft-office-2021-licencia-permanente#breadcrumb\"},\"inLanguage\":\"es\",\"potentialAction\":[{\"@type\":\"ReadAction\",\"target\":[\"https:\/\/robeznogames.com\/?product=microsoft-office-2021-licencia-permanente\"]}]},{\"@type\":\"ImageObject\",\"inLanguage\":\"es\",\"@id\":\"https:\/\/robeznogames.com\/?product=microsoft-office-2021-licencia-permanente#primaryimage\",\"url\":\"https:\/\/robeznogames.com\/wp-content\/uploads\/2023\/04\/office2021.png\",\"contentUrl\":\"https:\/\/robeznogames.com\/wp-content\/uploads\/2023\/04\/office2021.png\",\"width\":2001,\"height\":2001},{\"@type\":\"BreadcrumbList\",\"@id\":\"https:\/\/robeznogames.com\/?product=microsoft-office-2021-licencia-permanente#breadcrumb\",\"itemListElement\":[{\"@type\":\"ListItem\",\"position\":1,\"name\":\"Home\",\"item\":\"https:\/\/robeznogames.com\/\"},{\"@type\":\"ListItem\",\"position\":2,\"name\":\"Tienda\",\"item\":\"https:\/\/robeznogames.com\/?page_id=157\"},{\"@type\":\"ListItem\",\"position\":3,\"name\":\"Microsoft Office 2021\"}]},{\"@type\":\"WebSite\",\"@id\":\"https:\/\/robeznogames.com\/#website\",\"url\":\"https:\/\/robeznogames.com\/\",\"name\":\"RobeznoGames\",\"description\":\"Venta de productos Digitales y Licencias de Software\",\"publisher\":{\"@id\":\"https:\/\/robeznogames.com\/#\/schema\/person\/174389b5af0598705d09bfe399c5cbe5\"},\"potentialAction\":[{\"@type\":\"SearchAction\",\"target\":{\"@type\":\"EntryPoint\",\"urlTemplate\":\"https:\/\/robeznogames.com\/?s={search_term_string}\"},\"query-input\":\"required name=search_term_string\"}],\"inLanguage\":\"es\"},{\"@type\":[\"Person\",\"Organization\"],\"@id\":\"https:\/\/robeznogames.com\/#\/schema\/person\/174389b5af0598705d09bfe399c5cbe5\",\"name\":\"xselo2\",\"image\":{\"@type\":\"ImageObject\",\"inLanguage\":\"es\",\"@id\":\"https:\/\/robeznogames.com\/#\/schema\/person\/image\/\",\"url\":\"https:\/\/robeznogames.com\/wp-content\/uploads\/2024\/03\/RBZ.png\",\"contentUrl\":\"https:\/\/robeznogames.com\/wp-content\/uploads\/2024\/03\/RBZ.png\",\"width\":421,\"height\":421,\"caption\":\"xselo2\"},\"logo\":{\"@id\":\"https:\/\/robeznogames.com\/#\/schema\/person\/image\/\"}}]}<\/script>\n<!-- \/ Yoast SEO plugin. -->","yoast_head_json":{"title":"Microsoft Office 2021 - RobeznoGames","robots":{"index":"index","follow":"follow","max-snippet":"max-snippet:-1","max-image-preview":"max-image-preview:large","max-video-preview":"max-video-preview:-1"},"canonical":"https:\/\/robeznogames.com\/?product=microsoft-office-2021-licencia-permanente","og_locale":"es_ES","og_type":"article","og_title":"Microsoft Office 2021 - RobeznoGames","og_description":"\ud83d\udfe0MICROSOFT OFFICE\ud83d\udfe0 \u2705Licencia Original \u2705Reusable luego del Formateo \u2705Vinculable a tu Correo \ud83d\udccc Microsoft Office 2021(1PC) \ud83d\udd30Licencia Permanente = s\/100 soles \ud83d\udd30Licencia por 1 a\u00f1o = s\/50 soles instalaci\u00f3n y activaci\u00f3n remota v\u00eda Team viewer Aceptamos pagos por: YAPE &#8211; PLIN","og_url":"https:\/\/robeznogames.com\/?product=microsoft-office-2021-licencia-permanente","og_site_name":"RobeznoGames","article_modified_time":"2026-02-25T01:14:11+00:00","og_image":[{"width":2001,"height":2001,"url":"https:\/\/robeznogames.com\/wp-content\/uploads\/2023\/04\/office2021.png","type":"image\/png"}],"twitter_card":"summary_large_image","twitter_misc":{"Est. reading time":"1 minuto"},"schema":{"@context":"https:\/\/schema.org","@graph":[{"@type":"WebPage","@id":"https:\/\/robeznogames.com\/?product=microsoft-office-2021-licencia-permanente","url":"https:\/\/robeznogames.com\/?product=microsoft-office-2021-licencia-permanente","name":"Microsoft Office 2021 - RobeznoGames","isPartOf":{"@id":"https:\/\/robeznogames.com\/#website"},"primaryImageOfPage":{"@id":"https:\/\/robeznogames.com\/?product=microsoft-office-2021-licencia-permanente#primaryimage"},"image":{"@id":"https:\/\/robeznogames.com\/?product=microsoft-office-2021-licencia-permanente#primaryimage"},"thumbnailUrl":"https:\/\/robeznogames.com\/wp-content\/uploads\/2023\/04\/office2021.png","datePublished":"2023-04-12T22:19:05+00:00","dateModified":"2026-02-25T01:14:11+00:00","breadcrumb":{"@id":"https:\/\/robeznogames.com\/?product=microsoft-office-2021-licencia-permanente#breadcrumb"},"inLanguage":"es","potentialAction":[{"@type":"ReadAction","target":["https:\/\/robeznogames.com\/?product=microsoft-office-2021-licencia-permanente"]}]},{"@type":"ImageObject","inLanguage":"es","@id":"https:\/\/robeznogames.com\/?product=microsoft-office-2021-licencia-permanente#primaryimage","url":"https:\/\/robeznogames.com\/wp-content\/uploads\/2023\/04\/office2021.png","contentUrl":"https:\/\/robeznogames.com\/wp-content\/uploads\/2023\/04\/office2021.png","width":2001,"height":2001},{"@type":"BreadcrumbList","@id":"https:\/\/robeznogames.com\/?product=microsoft-office-2021-licencia-permanente#breadcrumb","itemListElement":[{"@type":"ListItem","position":1,"name":"Home","item":"https:\/\/robeznogames.com\/"},{"@type":"ListItem","position":2,"name":"Tienda","item":"https:\/\/robeznogames.com\/?page_id=157"},{"@type":"ListItem","position":3,"name":"Microsoft Office 2021"}]},{"@type":"WebSite","@id":"https:\/\/robeznogames.com\/#website","url":"https:\/\/robeznogames.com\/","name":"RobeznoGames","description":"Venta de productos Digitales y Licencias de Software","publisher":{"@id":"https:\/\/robeznogames.com\/#\/schema\/person\/174389b5af0598705d09bfe399c5cbe5"},"potentialAction":[{"@type":"SearchAction","target":{"@type":"EntryPoint","urlTemplate":"https:\/\/robeznogames.com\/?s={search_term_string}"},"query-input":"required name=search_term_string"}],"inLanguage":"es"},{"@type":["Person","Organization"],"@id":"https:\/\/robeznogames.com\/#\/schema\/person\/174389b5af0598705d09bfe399c5cbe5","name":"xselo2","image":{"@type":"ImageObject","inLanguage":"es","@id":"https:\/\/robeznogames.com\/#\/schema\/person\/image\/","url":"https:\/\/robeznogames.com\/wp-content\/uploads\/2024\/03\/RBZ.png","contentUrl":"https:\/\/robeznogames.com\/wp-content\/uploads\/2024\/03\/RBZ.png","width":421,"height":421,"caption":"xselo2"},"logo":{"@id":"https:\/\/robeznogames.com\/#\/schema\/person\/image\/"}}]}},"jetpack_sharing_enabled":true,"_links":{"self":[{"href":"https:\/\/robeznogames.com\/index.php?rest_route=\/wp\/v2\/product\/765"}],"collection":[{"href":"https:\/\/robeznogames.com\/index.php?rest_route=\/wp\/v2\/product"}],"about":[{"href":"https:\/\/robeznogames.com\/index.php?rest_route=\/wp\/v2\/types\/product"}],"replies":[{"embeddable":true,"href":"https:\/\/robeznogames.com\/index.php?rest_route=%2Fwp%2Fv2%2Fcomments&post=765"}],"wp:featuredmedia":[{"embeddable":true,"href":"https:\/\/robeznogames.com\/index.php?rest_route=\/wp\/v2\/media\/3427"}],"wp:attachment":[{"href":"https:\/\/robeznogames.com\/index.php?rest_route=%2Fwp%2Fv2%2Fmedia&parent=765"}],"wp:term":[{"taxonomy":"product_cat","embeddable":true,"href":"https:\/\/robeznogames.com\/index.php?rest_route=%2Fwp%2Fv2%2Fproduct_cat&post=765"},{"taxonomy":"product_tag","embeddable":true,"href":"https:\/\/robeznogames.com\/index.php?rest_route=%2Fwp%2Fv2%2Fproduct_tag&post=765"}],"curies":[{"name":"wp","href":"https:\/\/api.w.org\/{rel}","templated":true}]}}